{"id":493,"date":"2026-03-07T09:51:07","date_gmt":"2026-03-07T08:51:07","guid":{"rendered":"https:\/\/www.innovationsclub-deutsches-eck.de\/?page_id=493"},"modified":"2026-03-15T17:40:33","modified_gmt":"2026-03-15T16:40:33","slug":"erfindung-5","status":"publish","type":"page","link":"https:\/\/www.innovationsclub-deutsches-eck.de\/?page_id=493","title":{"rendered":"Erfindung 5"},"content":{"rendered":"\n<p class=\"wp-block-paragraph\">Erfinder: Walter Busch<\/p>\n\n\n\n<p class=\"wp-block-paragraph\">E-Mail: regnidlepre@gmx.de<\/p>\n\n\n\n<p class=\"wp-block-paragraph\">Erfindung: Fr\u00fchwarnsystem f\u00fcr Pkws<\/p>\n\n\n\n<p class=\"wp-block-paragraph\">Beschreibung: Fr\u00fchwarnsystem f\u00fcr motorisierte Fahrer bei Gefahr eines Unfalls. Das System besteht aus : 1. Ballonh\u00fclle\/Luftsack 2. Gas in einem Vorratsbeh\u00e4lter 3. Steuerger\u00e4t 4. Beschleunigungssensor. Genau Beschreibung kann beim Erfinder angefordert werden<\/p>\n\n\n\n<p class=\"wp-block-paragraph\">Bild: <a href=\"https:\/\/www.innovationsclub-deutsches-eck.de\/wp-content\/uploads\/2026\/03\/18.07.17-A-rotated.jpeg\" target=\"_blank\" rel=\"noreferrer noopener\">Darstellung<\/a><\/p>\n\n\n\n<p class=\"wp-block-paragraph\"><\/p>\n\n\n\n<p class=\"wp-block-paragraph\"><\/p>\n","protected":false},"excerpt":{"rendered":"<p>Erfinder: Walter Busch E-Mail: regnidlepre@gmx.de Erfindung: Fr\u00fchwarnsystem f\u00fcr Pkws Beschreibung: Fr\u00fchwarnsystem f\u00fcr motorisierte Fahrer bei Gefahr eines Unfalls. Das System besteht aus : 1. Ballonh\u00fclle\/Luftsack 2. Gas in einem Vorratsbeh\u00e4lter 3. Steuerger\u00e4t 4. Beschleunigungssensor. Genau Beschreibung kann beim Erfinder angefordert werden Bild: Darstellung<\/p>\n","protected":false},"author":1,"featured_media":0,"parent":0,"menu_order":0,"comment_status":"closed","ping_status":"closed","template":"","meta":{"_crdt_document":"","footnotes":""},"class_list":["post-493","page","type-page","status-publish","hentry","entry"],"_links":{"self":[{"href":"https:\/\/www.innovationsclub-deutsches-eck.de\/index.php?rest_route=\/wp\/v2\/pages\/493","targetHints":{"allow":["GET"]}}],"collection":[{"href":"https:\/\/www.innovationsclub-deutsches-eck.de\/index.php?rest_route=\/wp\/v2\/pages"}],"about":[{"href":"https:\/\/www.innovationsclub-deutsches-eck.de\/index.php?rest_route=\/wp\/v2\/types\/page"}],"author":[{"embeddable":true,"href":"https:\/\/www.innovationsclub-deutsches-eck.de\/index.php?rest_route=\/wp\/v2\/users\/1"}],"replies":[{"embeddable":true,"href":"https:\/\/www.innovationsclub-deutsches-eck.de\/index.php?rest_route=%2Fwp%2Fv2%2Fcomments&post=493"}],"version-history":[{"count":8,"href":"https:\/\/www.innovationsclub-deutsches-eck.de\/index.php?rest_route=\/wp\/v2\/pages\/493\/revisions"}],"predecessor-version":[{"id":512,"href":"https:\/\/www.innovationsclub-deutsches-eck.de\/index.php?rest_route=\/wp\/v2\/pages\/493\/revisions\/512"}],"wp:attachment":[{"href":"https:\/\/www.innovationsclub-deutsches-eck.de\/index.php?rest_route=%2Fwp%2Fv2%2Fmedia&parent=493"}],"curies":[{"name":"wp","href":"https:\/\/api.w.org\/{rel}","templated":true}]}}