{"id":198,"date":"2023-09-30T20:14:36","date_gmt":"2023-09-30T18:14:36","guid":{"rendered":"https:\/\/www.innovationsclub-deutsches-eck.de\/?page_id=198"},"modified":"2026-02-12T21:53:33","modified_gmt":"2026-02-12T20:53:33","slug":"mitglied","status":"publish","type":"page","link":"https:\/\/www.innovationsclub-deutsches-eck.de\/?page_id=198","title":{"rendered":"Mitglied"},"content":{"rendered":"<p>&nbsp;<\/p>\n<p>Wir freuen uns \u00fcber jeden, der an unserem Verein und dessen Ziele interessiert ist und gerne Mitglied werden m\u00f6chte.<\/p>\n<p>Hierzu folgende Informationen:<br \/>\nSollten Sie Interesse haben Mitglied zu werden, k\u00f6nnen Sie zun\u00e4chst dreinal an unseren Treffen teilnehmen und danach entscheiden, ob der Verein f\u00fcr Sie interessant ist und Sie Mitglied werden m\u00f6chten.<br \/>\nDer Mitgliedsbeitrag betr\u00e4gt 36 Euro im Jahr; dieser Beitrag ist freiwillig und wird deswegen von uns nicht eingefordert. F\u00fcr die Durchf\u00fchrung unsere Aktivit\u00e4ten und organisatorischen Aufwand sind wir allerdings f\u00fcr jeden Geldbeitrag froh.<\/p>\n<p>\u00dcber eine Mitgliedschaft von Ihnen w\u00fcrden wir uns freuen.<\/p>\n<p>\u00dcber die Internetseite<a href=\"https:\/\/www.innovationsclub-deutsches-eck.de\/?page_id=20\"> Kontakt<\/a> k\u00f6nnen Sie uns gerne ansprechen.<\/p>\n<p>&nbsp;<\/p>\n<p>&nbsp;<\/p>\n","protected":false},"excerpt":{"rendered":"<p>&nbsp; Wir freuen uns \u00fcber jeden, der an unserem Verein und dessen Ziele interessiert ist und gerne Mitglied werden m\u00f6chte. Hierzu folgende Informationen: Sollten Sie Interesse haben Mitglied zu werden, k\u00f6nnen Sie zun\u00e4chst dreinal an unseren Treffen teilnehmen und danach entscheiden, ob der Verein f\u00fcr Sie interessant ist und Sie Mitglied werden m\u00f6chten. Der Mitgliedsbeitrag [&hellip;]<\/p>\n","protected":false},"author":1,"featured_media":0,"parent":0,"menu_order":0,"comment_status":"closed","ping_status":"closed","template":"","meta":{"_crdt_document":"","footnotes":""},"class_list":["post-198","page","type-page","status-publish","hentry","entry"],"_links":{"self":[{"href":"https:\/\/www.innovationsclub-deutsches-eck.de\/index.php?rest_route=\/wp\/v2\/pages\/198","targetHints":{"allow":["GET"]}}],"collection":[{"href":"https:\/\/www.innovationsclub-deutsches-eck.de\/index.php?rest_route=\/wp\/v2\/pages"}],"about":[{"href":"https:\/\/www.innovationsclub-deutsches-eck.de\/index.php?rest_route=\/wp\/v2\/types\/page"}],"author":[{"embeddable":true,"href":"https:\/\/www.innovationsclub-deutsches-eck.de\/index.php?rest_route=\/wp\/v2\/users\/1"}],"replies":[{"embeddable":true,"href":"https:\/\/www.innovationsclub-deutsches-eck.de\/index.php?rest_route=%2Fwp%2Fv2%2Fcomments&post=198"}],"version-history":[{"count":6,"href":"https:\/\/www.innovationsclub-deutsches-eck.de\/index.php?rest_route=\/wp\/v2\/pages\/198\/revisions"}],"predecessor-version":[{"id":404,"href":"https:\/\/www.innovationsclub-deutsches-eck.de\/index.php?rest_route=\/wp\/v2\/pages\/198\/revisions\/404"}],"wp:attachment":[{"href":"https:\/\/www.innovationsclub-deutsches-eck.de\/index.php?rest_route=%2Fwp%2Fv2%2Fmedia&parent=198"}],"curies":[{"name":"wp","href":"https:\/\/api.w.org\/{rel}","templated":true}]}}